*(1 - r) is divided by 19.
18
Suppose -5*i - 3*w = 10, i + 5*w - 4 = -6. What is the remainder when 29 is divided by (-8 + 3)*(i/(-1))/(-2)?
4
Calculate the remainder when (5/((-40)/6))/(((-975)/(-61048))/(-25)) is divided by 11.
8
Let y = 1790 + -1753. Let i be (-1)/((-3)/(-12)*-1). Calculate the remainder when y is divided by (-3)/i + 35/4.
5
What is the remainder when 14 + (-26)/13 + 1075 is divided by 17?
16
Suppose -3*v + 3*k + 572 = 179, -665 = -5*v + 3*k. Let n = -37288 + 37316. Calculate the remainder when v is divided by n.
24
Suppose 37088 = 56*k + 5*k. What is the remainder when k is divided by 22?
14
Calculate the remainder when 23090 is divided by (-42*9/(-756))/(1 + (-309)/310).
150
Suppose 3*i - 84 = -4*w + 511, -4*w = -3*i - 637. Calculate the remainder when w is divided by 52.
50
Let i be (-8 + 114)/((-1)/(-2) + -1). Let c = i + 248. What is the remainder when 102 is divided by c?
30
Suppose -21*o = -16*o - 10. Let k be -24*(0 - -1) - (-2)/o. Let p = k + 69. Calculate the remainder when p is divided by 17.
12
Suppose -4*d = -121 + 53. Suppose -4*t + 41 = d. Calculate the remainder when 46 is divided by t.
4
Let p be (95/20)/((-3)/(-12)). Suppose -p + 18 = n. What is the remainder when n/(-1) - (2 - 16) is divided by 8?
7
What is the remainder when 146 is divided by (12/12)/(10/310)?
22
Suppose 0 = -66*c + 1532821 - 88345. What is the remainder when c is divided by 114?
112
Let c(n) = -n**2 - 7*n - 3. Let z(k) = -k**2 - 19*k - 38. Let j(p) = p**2 + 37*p - 52. Let h be j(-38). Calculate the remainder when z(h) is divided by c(-4).
5
Suppose -9 = -6*l + 15. Calculate the remainder when ((-2)/5)/((-3)/30) is divided by (3 - l)/(10/6 - 2).
1
Suppose -78 = -24*k + 1938. Suppose 2*z = -3*z + 185. Let g = k - z. What is the remainder when g is divided by 10?
7
Suppose -2*w = 2*m - 32, 3*m + 4 = 2*w + 57. Calculate the remainder when (-3680)/(-50) + (-2)/(-5) is divided by m.
6
Let k(u) = u**2 + 2*u + 1. Let t(v) = 4*v + 51. Let x(f) = -3*f - 34. Let z(p) = -5*t(p) - 8*x(p). What is the remainder when z(-3) is divided by k(-3)?
1
Let t(r) = 6*r**2 - 21*r + 22. What is the remainder when 172 is divided by t(3)?
3
Let h(b) = b + 14. Let x(p) = p**2 + 12*p + 18. Let g be x(-10). Let o be h(g). Suppose -17*y + 280 = -o*y. Calculate the remainder when y is divided by 23.
10
Suppose -5*w + 153 - 17 = 2*y, 20 = -5*w. Suppose -4*d = -3*n + 4*n - y, 5*d = -n + 75. Let g = -40 + n. Calculate the remainder when g is divided by 13.
11
Let a = 8206 + -8177. What is the remainder when 101 is divided by a?
14
Suppose 130 - 64 = 6*c. Let q(n) = -n**3 - 7*n**2 - 5*n. Let y be q(-6). Calculate the remainder when 55 is divided by (y + c)*38/10.
17
Let z be (5 - 5)/(1 + 1). Suppose -7*o - 28 + 504 = z. Calculate the remainder when o is divided by 13.
3
Let p be (2/(8/(-5)))/((-19)/152). What is the remainder when (-2 - (-24)/p)/(42/6720) is divided by 5?
4
What is the remainder when 4/14 + (3010/98 - -14) is divided by 16?
13
Let m be 2/(-10)*2 + 254/10. Suppose -5*t + 5*u = -20, 0 = 3*u + 2*u + m. What is the remainder when -2 + (45/(-10))/(t/6) is divided by 9?
7
Suppose 25*f - 16774 = -124*f + 24946. Calculate the remainder when f is divided by 133.
14
Let w(u) = u**3 - 19*u**2 + 21*u + 20. Suppose 4*q - 38 = 3*q - 5*t, -3*t = 5*q - 102. What is the remainder when 153 is divided by w(q)?
5
Let c(r) = -r + 14. Let w be c(-8). Suppose -27*s + 20 = -w*s. Suppose -s*m = -0*m - 52. Calculate the remainder when 37 is divided by m.
11
Let w = 3122 + -3106. What is the remainder when 95 is divided by w?
15
Let t(n) = -n**2 + 339*n + 2. Calculate the remainder when t(20) is divided by 152.
150
Calculate the remainder when 4279 is divided by (11 - 15) + 4 + 40 + 6 + -6.
39
Suppose 0 = -q + 9*q - 197 - 171. What is the remainder when 251 is divided by q?
21
Let j(k) = -5*k - 1. Let q be j(-17). Let a = -80 + q. Suppose -r - 685 = -a*w + 4*r, 0 = -3*w + 4*r + 514. What is the remainder when w is divided by 43?
41
Let u(l) = -5*l - 13. Suppose -4*j + 4 = -12. Suppose -j*q - 18 = -2*q + 2*k, 0 = -2*q - 4*k - 24. Calculate the remainder when u(q) is divided by 13.
4
Let u = 356 - 284. Let n = 83 - u. Calculate the remainder when 296 is divided by n.
10
Let j = 170 + -84. Let a be (-22)/(-3)*18/4. Calculate the remainder when j is divided by (11/(-4)*-1)/(a/132).
9
Let z be (-5 - -7) + 4 + -2. Suppose v - z*n - 93 = 0, -4*v + 6*v - 186 = n. Calculate the remainder when v is divided by 20.
13
Let l be ((-91)/(-13) + -11)*(-1)/(-2). Calculate the remainder when 104 is divided by (l/(-18) - 0) + 56606/1494.
28
Let h = -93 - -98. Suppose h*d + 8 = 173. Calculate the remainder when 77 is divided by d.
11
Let r(m) = -289*m**3 - 2*m**2 - 3*m - 1. Let q be r(-1). Let h = -249 + q. Suppose -2*l = -5*l + 714. Calculate the remainder when l is divided by h.
38
Let n(f) = -3*f + 101. Let s be n(36). Calculate the remainder when 12/(-21) - (s - (-812)/(-49)) is divided by 12.
11
Suppose 3227 = 4*g + 3*j, 5*j - 3125 - 905 = -5*g. What is the remainder when g is divided by 26?
3
Suppose -2*l - 5*x + 505 = l, -2*x + 169 = l. Let z = 272 + -260. Calculate the remainder when l is divided by z.
9
Suppose o - 165 = -5*y, -o + 3*y + 156 + 33 = 0. Suppose -5*a - 35*r + 33*r = -135, 3*r - 99 = -3*a. What is the remainder when o is divided by a?
19
Let a(n) = -n**3 - 9*n**2 - 13*n - 32. Let l be a(-8). Suppose -13*v + 546 = l*v. Let i(k) = -7*k. What is the remainder when v is divided by i(-2)?
12
Let y(i) = -58*i**3 - 3*i**2 - 3*i - 4. Let h = 4 + 154. What is the remainder when h is divided by y(-1)?
50
Let i be (-2)/(-8) + (-74198)/184. Let x = 430 + i. Calculate the remainder when 53 is divided by x.
26
Suppose -2416 = -460*y + 452*y. What is the remainder when y is divided by 48?
14
Let b be ((-19)/(-3) - 6)*78. Suppose 0 = -2*t - b + 64. What is the remainder when 187 is divided by t?
16
Let s(x) = -7*x**3 - x**2 - 10*x + 292. Calculate the remainder when s(0) is divided by 50.
42
Let g(q) = 4*q - 38. Let t be g(17). Let d = 59 - t. Suppose 0 = 2*p - 2*i - 22, -2*i - 2*i = 3*p - 61. What is the remainder when d is divided by p?
14
Let n(q) = q**2 - 4*q - 114. Let y be n(13). Suppose 4*g = -2*d + 1110, 3*g - y*d - 559 = g. What is the remainder when g is divided by 71?
65
Let r(m) = 48*m**2 - 13*m - 9. Let s be r(-3). Suppose 0 = 33*c - 12*c - s. What is the remainder when 64 is divided by c?
20
Suppose -4*k + 68 = -4*q, 2*k - 34 - 4 = -2*q. Suppose 7*v = 4*v + 24. Let u(n) = n**2 - n - 7. Calculate the remainder when u(v) is divided by k.
13
Let p = -1281 - -2488. Suppose -p - 93 = -26*g. Calculate the remainder when g is divided by 44.
6
Suppose -721 = -33*k + 203. What is the remainder when 12/162*3 - 3517/(-9) is divided by k?
27
Let a(y) = -y**3 + 20*y**2 - 18*y - 17. What is the remainder when 22 is divided by a(19)?
0
Let l be (-7)/((-77)/2) + 128/22. Let c(z) = 2*z**2 - 3*z - 9. What is the remainder when 129 is divided by c(l)?
39
What is the remainder when ((-96)/10)/((-207)/460*(-1)/(-3)) is divided by 62?
2
What is the remainder when 115 is divided by ((5 - 2/2) + -6)/((-8)/332)?
32
Suppose 0 = -4*b + 39 + 121. Let g = -877 + 878. What is the remainder when (-19)/(g - b/35) is divided by 34?
31
Calculate the remainder when 464 is divided by (131*1)/((-56)/(-196) + 5/105).
71
Let h = 10752 - 10534. Calculate the remainder when 741 is divided by h.
87
Suppose -25*z - 1582 + 1682 = 0. What is the remainder when 306 is divided by z?
2
What is the remainder when 750 is divided by (-5)/4*-57 + 3809/(-15236)?
40
Calculate the remainder when (125 - 24/8) + (8/2 - 3) is divided by 2*(-1 + 2) + 19.
18
Let q = 48 - 39. Let s(k) = -k**3 + 3*k**2 + 64*k + 115. Calculate the remainder when s(10) is divided by q.
1
Suppose -2*b + 5 = 9. Let i be (-48)/36*(-123)/b. Let a = -19 - i. What is the remainder when a is divided by 22?
19
Calculate the remainder when 455 is divided by ((-36)/(-42)*(8 + -1))/(46/1357).
101
Let n(l) = l**3 + 11*l**2 + 2*l - 7. Let q = -4460 + 4487. What is the remainder when n(-6) is divided by q?
26
Suppose 6*z + 16*z - 488 = -92. Calculate the remainder when 290 is divided by z.
2
Let j(g) = -54*g - 61*g + 17 + g**2 + 106*g. Let a(k) = k**3 - k**2 + 3*k - 2. L